{"id":54,"date":"2016-07-16T15:47:25","date_gmt":"2016-07-16T13:47:25","guid":{"rendered":"http:\/\/blueorangemusic.com\/shop\/?post_type=product&#038;p=54"},"modified":"2021-08-24T01:17:12","modified_gmt":"2021-08-23T23:17:12","slug":"sweet-spicy-claude-schlim","status":"publish","type":"product","link":"https:\/\/blueorangemusic.com\/oshop\/produkt\/sweet-spicy-claude-schlim\/","title":{"rendered":"Sweet &#038; Spicy | Claude Schlim"},"content":{"rendered":"<table style=\"border: 1px solid black;\">\n<tbody>\n<tr>\n<td align=\"center\" width=\"110px\"><img decoding=\"async\" class=\"aligncenter wp-image-660\" src=\"https:\/\/blueorangemusic.com\/oshop\/wp-content\/uploads\/2018\/05\/sacem-logo.png\" alt=\"\" width=\"100\" height=\"40\" \/><\/td>\n<td style=\"font-size: 8pt;\">Ce service respecte le droit d\u2019auteur. Tous les droits des auteurs des \u0153uvres prot\u00e9g\u00e9es reproduites\u00a0<span class=\"boomerang-time-zone\">et<\/span>\u00a0communiqu\u00e9es sur ce site, sont r\u00e9serv\u00e9s. Sauf autorisation expresse, toute utilisation des \u0153uvres autres que le t\u00e9l\u00e9chargement dans le cadre du cercle de famille sont interdites.<\/td>\n<\/tr>\n<\/tbody>\n<\/table>\n<audio class=\"wp-audio-shortcode\" id=\"audio-54-1\" preload=\"none\" style=\"width: 100%;\" controls=\"controls\"><source type=\"audio\/mpeg\" src=\"https:\/\/blueorangemusic.com\/oshop\/wp-content\/uploads\/2018\/05\/Sweet-Spicy_Preview.mp3?_=1\" \/><a href=\"https:\/\/blueorangemusic.com\/oshop\/wp-content\/uploads\/2018\/05\/Sweet-Spicy_Preview.mp3\">https:\/\/blueorangemusic.com\/oshop\/wp-content\/uploads\/2018\/05\/Sweet-Spicy_Preview.mp3<\/a><\/audio>\n<p>Dieses Werk entstand als Auftragskomposition f\u00fcr den \u201c33. Concours Luxembourgeois et Europ\u00e9en pour Jeunes Solistes\u201d der UGDA Musikschule. Es war Pflichtst\u00fcck in der 3. Division.<\/p>\n<p>Es sind 3 Stimmen f\u00fcr Euphonium enthalten:<\/p>\n<ul>\n<li>Bass-Schl\u00fcssel in Do<\/li>\n<li>Bass-Schl\u00fcssel in Sib<\/li>\n<li>Violinschl\u00fcssel in Sib<\/li>\n<\/ul>\n<p>ISMN:\u00a0979-0-803876-01-8<\/p>\n","protected":false},"excerpt":{"rendered":"<p>f\u00fcr Euphonium &amp; Klavier<\/p>\n","protected":false},"featured_media":442,"comment_status":"open","ping_status":"closed","template":"","meta":[],"product_brand":[],"product_cat":[25],"product_tag":[],"class_list":{"0":"post-54","1":"product","2":"type-product","3":"status-publish","4":"has-post-thumbnail","6":"product_cat-euphonium","7":"product_shipping_class-max500g","9":"first","10":"instock","11":"taxable","12":"shipping-taxable","13":"purchasable","14":"product-type-simple"},"yoast_head":"<!-- This site is optimized with the Yoast SEO plugin v26.6 - https:\/\/yoast.com\/wordpress\/plugins\/seo\/ -->\n<title>Sweet &amp; Spicy | Claude Schlim - Blueorange Music<\/title>\n<meta name=\"robots\" content=\"index, follow, max-snippet:-1, max-image-preview:large, max-video-preview:-1\" \/>\n<link rel=\"canonical\" href=\"https:\/\/blueorangemusic.com\/oshop\/produkt\/sweet-spicy-claude-schlim\/\" \/>\n<meta property=\"og:locale\" content=\"de_DE\" \/>\n<meta property=\"og:type\" content=\"article\" \/>\n<meta property=\"og:title\" content=\"Sweet &amp; Spicy | Claude Schlim - Blueorange Music\" \/>\n<meta property=\"og:description\" content=\"f\u00fcr Euphonium &amp; Klavier\" \/>\n<meta property=\"og:url\" content=\"https:\/\/blueorangemusic.com\/oshop\/produkt\/sweet-spicy-claude-schlim\/\" \/>\n<meta property=\"og:site_name\" content=\"Blueorange Music\" \/>\n<meta property=\"article:modified_time\" content=\"2021-08-23T23:17:12+00:00\" \/>\n<meta property=\"og:image\" content=\"https:\/\/blueorangemusic.com\/oshop\/wp-content\/uploads\/2016\/07\/Cover_SweetSpicy.jpg\" \/>\n\t<meta property=\"og:image:width\" content=\"850\" \/>\n\t<meta property=\"og:image:height\" content=\"1000\" \/>\n\t<meta property=\"og:image:type\" content=\"image\/jpeg\" \/>\n<meta name=\"twitter:card\" content=\"summary_large_image\" \/>\n<meta name=\"twitter:label1\" content=\"Gesch\u00e4tzte Lesezeit\" \/>\n\t<meta name=\"twitter:data1\" content=\"1\u00a0Minute\" \/>\n<script type=\"application\/ld+json\" class=\"yoast-schema-graph\">{\"@context\":\"https:\/\/schema.org\",\"@graph\":[{\"@type\":\"WebPage\",\"@id\":\"https:\/\/blueorangemusic.com\/oshop\/produkt\/sweet-spicy-claude-schlim\/\",\"url\":\"https:\/\/blueorangemusic.com\/oshop\/produkt\/sweet-spicy-claude-schlim\/\",\"name\":\"Sweet & Spicy | Claude Schlim - Blueorange Music\",\"isPartOf\":{\"@id\":\"https:\/\/blueorangemusic.com\/oshop\/#website\"},\"primaryImageOfPage\":{\"@id\":\"https:\/\/blueorangemusic.com\/oshop\/produkt\/sweet-spicy-claude-schlim\/#primaryimage\"},\"image\":{\"@id\":\"https:\/\/blueorangemusic.com\/oshop\/produkt\/sweet-spicy-claude-schlim\/#primaryimage\"},\"thumbnailUrl\":\"https:\/\/blueorangemusic.com\/oshop\/wp-content\/uploads\/2016\/07\/Cover_SweetSpicy.jpg\",\"datePublished\":\"2016-07-16T13:47:25+00:00\",\"dateModified\":\"2021-08-23T23:17:12+00:00\",\"breadcrumb\":{\"@id\":\"https:\/\/blueorangemusic.com\/oshop\/produkt\/sweet-spicy-claude-schlim\/#breadcrumb\"},\"inLanguage\":\"de\",\"potentialAction\":[{\"@type\":\"ReadAction\",\"target\":[\"https:\/\/blueorangemusic.com\/oshop\/produkt\/sweet-spicy-claude-schlim\/\"]}]},{\"@type\":\"ImageObject\",\"inLanguage\":\"de\",\"@id\":\"https:\/\/blueorangemusic.com\/oshop\/produkt\/sweet-spicy-claude-schlim\/#primaryimage\",\"url\":\"https:\/\/blueorangemusic.com\/oshop\/wp-content\/uploads\/2016\/07\/Cover_SweetSpicy.jpg\",\"contentUrl\":\"https:\/\/blueorangemusic.com\/oshop\/wp-content\/uploads\/2016\/07\/Cover_SweetSpicy.jpg\",\"width\":850,\"height\":1000},{\"@type\":\"BreadcrumbList\",\"@id\":\"https:\/\/blueorangemusic.com\/oshop\/produkt\/sweet-spicy-claude-schlim\/#breadcrumb\",\"itemListElement\":[{\"@type\":\"ListItem\",\"position\":1,\"name\":\"Startseite\",\"item\":\"https:\/\/blueorangemusic.com\/oshop\/\"},{\"@type\":\"ListItem\",\"position\":2,\"name\":\"Shop\",\"item\":\"https:\/\/blueorangemusic.com\/oshop\/shop\/\"},{\"@type\":\"ListItem\",\"position\":3,\"name\":\"Sweet &#038; Spicy | Claude Schlim\"}]},{\"@type\":\"WebSite\",\"@id\":\"https:\/\/blueorangemusic.com\/oshop\/#website\",\"url\":\"https:\/\/blueorangemusic.com\/oshop\/\",\"name\":\"Blueorange Music\",\"description\":\"Musikverlag f\u00fcr p\u00e4dagogisches Material\",\"potentialAction\":[{\"@type\":\"SearchAction\",\"target\":{\"@type\":\"EntryPoint\",\"urlTemplate\":\"https:\/\/blueorangemusic.com\/oshop\/?s={search_term_string}\"},\"query-input\":{\"@type\":\"PropertyValueSpecification\",\"valueRequired\":true,\"valueName\":\"search_term_string\"}}],\"inLanguage\":\"de\"}]}<\/script>\n<!-- \/ Yoast SEO plugin. -->","yoast_head_json":{"title":"Sweet & Spicy | Claude Schlim - Blueorange Music","robots":{"index":"index","follow":"follow","max-snippet":"max-snippet:-1","max-image-preview":"max-image-preview:large","max-video-preview":"max-video-preview:-1"},"canonical":"https:\/\/blueorangemusic.com\/oshop\/produkt\/sweet-spicy-claude-schlim\/","og_locale":"de_DE","og_type":"article","og_title":"Sweet & Spicy | Claude Schlim - Blueorange Music","og_description":"f\u00fcr Euphonium &amp; Klavier","og_url":"https:\/\/blueorangemusic.com\/oshop\/produkt\/sweet-spicy-claude-schlim\/","og_site_name":"Blueorange Music","article_modified_time":"2021-08-23T23:17:12+00:00","og_image":[{"width":850,"height":1000,"url":"https:\/\/blueorangemusic.com\/oshop\/wp-content\/uploads\/2016\/07\/Cover_SweetSpicy.jpg","type":"image\/jpeg"}],"twitter_card":"summary_large_image","twitter_misc":{"Gesch\u00e4tzte Lesezeit":"1\u00a0Minute"},"schema":{"@context":"https:\/\/schema.org","@graph":[{"@type":"WebPage","@id":"https:\/\/blueorangemusic.com\/oshop\/produkt\/sweet-spicy-claude-schlim\/","url":"https:\/\/blueorangemusic.com\/oshop\/produkt\/sweet-spicy-claude-schlim\/","name":"Sweet & Spicy | Claude Schlim - Blueorange Music","isPartOf":{"@id":"https:\/\/blueorangemusic.com\/oshop\/#website"},"primaryImageOfPage":{"@id":"https:\/\/blueorangemusic.com\/oshop\/produkt\/sweet-spicy-claude-schlim\/#primaryimage"},"image":{"@id":"https:\/\/blueorangemusic.com\/oshop\/produkt\/sweet-spicy-claude-schlim\/#primaryimage"},"thumbnailUrl":"https:\/\/blueorangemusic.com\/oshop\/wp-content\/uploads\/2016\/07\/Cover_SweetSpicy.jpg","datePublished":"2016-07-16T13:47:25+00:00","dateModified":"2021-08-23T23:17:12+00:00","breadcrumb":{"@id":"https:\/\/blueorangemusic.com\/oshop\/produkt\/sweet-spicy-claude-schlim\/#breadcrumb"},"inLanguage":"de","potentialAction":[{"@type":"ReadAction","target":["https:\/\/blueorangemusic.com\/oshop\/produkt\/sweet-spicy-claude-schlim\/"]}]},{"@type":"ImageObject","inLanguage":"de","@id":"https:\/\/blueorangemusic.com\/oshop\/produkt\/sweet-spicy-claude-schlim\/#primaryimage","url":"https:\/\/blueorangemusic.com\/oshop\/wp-content\/uploads\/2016\/07\/Cover_SweetSpicy.jpg","contentUrl":"https:\/\/blueorangemusic.com\/oshop\/wp-content\/uploads\/2016\/07\/Cover_SweetSpicy.jpg","width":850,"height":1000},{"@type":"BreadcrumbList","@id":"https:\/\/blueorangemusic.com\/oshop\/produkt\/sweet-spicy-claude-schlim\/#breadcrumb","itemListElement":[{"@type":"ListItem","position":1,"name":"Startseite","item":"https:\/\/blueorangemusic.com\/oshop\/"},{"@type":"ListItem","position":2,"name":"Shop","item":"https:\/\/blueorangemusic.com\/oshop\/shop\/"},{"@type":"ListItem","position":3,"name":"Sweet &#038; Spicy | Claude Schlim"}]},{"@type":"WebSite","@id":"https:\/\/blueorangemusic.com\/oshop\/#website","url":"https:\/\/blueorangemusic.com\/oshop\/","name":"Blueorange Music","description":"Musikverlag f\u00fcr p\u00e4dagogisches Material","potentialAction":[{"@type":"SearchAction","target":{"@type":"EntryPoint","urlTemplate":"https:\/\/blueorangemusic.com\/oshop\/?s={search_term_string}"},"query-input":{"@type":"PropertyValueSpecification","valueRequired":true,"valueName":"search_term_string"}}],"inLanguage":"de"}]}},"_links":{"self":[{"href":"https:\/\/blueorangemusic.com\/oshop\/wp-json\/wp\/v2\/product\/54","targetHints":{"allow":["GET"]}}],"collection":[{"href":"https:\/\/blueorangemusic.com\/oshop\/wp-json\/wp\/v2\/product"}],"about":[{"href":"https:\/\/blueorangemusic.com\/oshop\/wp-json\/wp\/v2\/types\/product"}],"replies":[{"embeddable":true,"href":"https:\/\/blueorangemusic.com\/oshop\/wp-json\/wp\/v2\/comments?post=54"}],"wp:featuredmedia":[{"embeddable":true,"href":"https:\/\/blueorangemusic.com\/oshop\/wp-json\/wp\/v2\/media\/442"}],"wp:attachment":[{"href":"https:\/\/blueorangemusic.com\/oshop\/wp-json\/wp\/v2\/media?parent=54"}],"wp:term":[{"taxonomy":"product_brand","embeddable":true,"href":"https:\/\/blueorangemusic.com\/oshop\/wp-json\/wp\/v2\/product_brand?post=54"},{"taxonomy":"product_cat","embeddable":true,"href":"https:\/\/blueorangemusic.com\/oshop\/wp-json\/wp\/v2\/product_cat?post=54"},{"taxonomy":"product_tag","embeddable":true,"href":"https:\/\/blueorangemusic.com\/oshop\/wp-json\/wp\/v2\/product_tag?post=54"}],"curies":[{"name":"wp","href":"https:\/\/api.w.org\/{rel}","templated":true}]}}